{"id":31,"date":"2014-12-09T16:13:32","date_gmt":"2014-12-09T16:13:32","guid":{"rendered":"http:\/\/augendiagnose.de\/blog\/?page_id=31"},"modified":"2024-07-31T14:03:41","modified_gmt":"2024-07-31T12:03:41","slug":"eingang","status":"publish","type":"page","link":"https:\/\/augendiagnose.de\/","title":{"rendered":"Startseite"},"content":{"rendered":"<p><span style=\"color: #0000ff;\"><strong>Hinweis: diese Domain k\u00f6nnen Sie erwerben. Machen Sie <a style=\"color: #0000ff;\" href=\"https:\/\/augendiagnose.de\/?page_id=204\" target=\"_blank\" rel=\"noopener\">hier<\/a> ein Angebot.<\/strong><\/span><\/p>\n<p><strong>Was ist die Augendiagnose (Iridologie)?<\/strong><\/p>\n<p>Augendiagnose (Synonyme: Iridologie, Irisdiagnose (-diagnostik), Irisanalyse) ist die Lehre von der Krankheitserkennung anhand der Analyse der Strukturen und der zugeh\u00f6rigen Reflexzonen des menschlichen Auges. Sie ist ein diagnostisches Verfahren innerhalb der Alternativmedizin, wobei sie hinweisenden Charakter hat. Gefundene Ver\u00e4nderungen der Iris, die auf bestimmte Erkrankungen hindeuten, f\u00fchren anschlie\u00dfend in weiteren, den jeweiligen Erkrankungen entsprechenden, diagnostischen Verfahren zur eigentlichen Krankheitserkennung. Die Augendiagnose kann somit als &#8222;prognostizierende Diagnose&#8220; oder &#8222;Hinweisdiagnose&#8220; bezeichnet werden. Die Anwendung der Augendiagnose als alleiniges Diagnoseverfahren birgt dementsprechend hohe Risiken: hier sind Fehldiagnosen vorprogrammiert. Auf unserer Webseite distanzieren wir uns deshalb ausdr\u00fccklich von Therapeuten, die die Augendiagnose als einziges Diagnoseverfahren zur Krankheitsbestimmung einsetzen!<\/p>\n<p><strong>Geschichtliches: Emanuel Felke:<\/strong><\/p>\n<p>Einer der ersten und bekanntesten Anwender der Iridologie war der evangelische Pastor Emanuel Felke (Leopold Erdmann Emanuel Felke). Emanuel Felke (7.2.1856 &#8211; 16.8.1926) war Naturheilkundler. Neben Bewegung in frischer Luft, B\u00e4derbehandlungen, gesunder Ern\u00e4hrung (fleischarme Kost), geh\u00f6rten vor allem auch Lehmb\u00e4der und -einreibungen zu seinen Behandlungsmethoden, die ihm den Rufnamen &#8222;Lehmpastor&#8220; einbrachten.<\/p>\n<p><strong>Iridologie selbst erlernen?<\/strong><\/p>\n<p>Neben Kursen und B\u00fcchern zum Selbststudium, m\u00f6chten wir Sie auf unseren Seiten auch auf unseren praxiserprobten Augendiagnose-Lehrgang aufmerksam machen.<\/p>\n<p><strong>Behandler:<\/strong><\/p>\n<p>Weiterhin enth\u00e4lt unsere Webseite ein Therapeutenverzeichnis, das nach Postleitzahlen geordnet ist und Ihnen schnell eine erste Orientierung gibt.<\/p>\n<p>&nbsp;<\/p>\n<p><strong>Hier geht\u00b4s zum Angebot bei: <a href=\"https:\/\/manysoft.de\/shop\/\" target=\"_blank\" rel=\"noopener\">manysoft<\/a><\/strong><\/p>\n","protected":false},"excerpt":{"rendered":"<p>Hinweis: diese Domain k\u00f6nnen Sie erwerben. Machen Sie hier ein Angebot. Was ist die Augendiagnose (Iridologie)? Augendiagnose (Synonyme: Iridologie, Irisdiagnose (-diagnostik), Irisanalyse) ist die Lehre von der Krankheitserkennung anhand der Analyse der Strukturen und der zugeh\u00f6rigen Reflexzonen des menschlichen Auges. Sie ist ein diagnostisches Verfahren innerhalb der Alternativmedizin, wobei sie &hellip;<\/p>\n","protected":false},"author":1,"featured_media":328,"parent":0,"menu_order":0,"comment_status":"closed","ping_status":"closed","template":"","meta":{"_cbd_carousel_blocks":"[]","footnotes":""},"class_list":["post-31","page","type-page","status-publish","has-post-thumbnail","hentry"],"aioseo_notices":[],"_links":{"self":[{"href":"https:\/\/augendiagnose.de\/index.php?rest_route=\/wp\/v2\/pages\/31","targetHints":{"allow":["GET"]}}],"collection":[{"href":"https:\/\/augendiagnose.de\/index.php?rest_route=\/wp\/v2\/pages"}],"about":[{"href":"https:\/\/augendiagnose.de\/index.php?rest_route=\/wp\/v2\/types\/page"}],"author":[{"embeddable":true,"href":"https:\/\/augendiagnose.de\/index.php?rest_route=\/wp\/v2\/users\/1"}],"replies":[{"embeddable":true,"href":"https:\/\/augendiagnose.de\/index.php?rest_route=%2Fwp%2Fv2%2Fcomments&post=31"}],"version-history":[{"count":20,"href":"https:\/\/augendiagnose.de\/index.php?rest_route=\/wp\/v2\/pages\/31\/revisions"}],"predecessor-version":[{"id":426,"href":"https:\/\/augendiagnose.de\/index.php?rest_route=\/wp\/v2\/pages\/31\/revisions\/426"}],"wp:featuredmedia":[{"embeddable":true,"href":"https:\/\/augendiagnose.de\/index.php?rest_route=\/wp\/v2\/media\/328"}],"wp:attachment":[{"href":"https:\/\/augendiagnose.de\/index.php?rest_route=%2Fwp%2Fv2%2Fmedia&parent=31"}],"curies":[{"name":"wp","href":"https:\/\/api.w.org\/{rel}","templated":true}]}}